ctors of 2102946?
2, 3, 463, 757
List the prime factors of 7802782.
2, 13, 37, 8111
What are the prime factors of 109340?
2, 5, 7, 11, 71
What are the prime factors of 38886?
2, 3, 6481
List the prime factors of 1205685.
3, 5, 13, 229
List the prime factors of 1825543.
37, 49339
What are the prime factors of 4986468?
2, 3, 46171
What are the prime factors of 498087?
3, 55343
List the prime factors of 5648595.
3, 5, 376573
List the prime factors of 1723097.
401, 4297
List the prime factors of 3462205.
5, 692441
What are the prime factors of 13802550?
2, 3, 5, 19, 29, 167
What are the prime factors of 203698?
2, 11, 47, 197
What are the prime factors of 15769515?
3, 5, 1051301
List the prime factors of 280901.
257, 1093
List the prime factors of 2724179.
43, 63353
List the prime factors of 235818.
2, 3, 11, 397
List the prime factors of 1067851.
1067851
List the prime factors of 20610600.
2, 3, 5, 34351
What are the prime factors of 1405543?
17, 29, 2851
List the prime factors of 82829.
113, 733
What are the prime factors of 11047571?
37, 298583
What are the prime factors of 11066404?
2, 23, 37, 3251
List the prime factors of 3411328.
2, 29, 919
List the prime factors of 569898.
2, 3, 7, 4523
List the prime factors of 17515519.
7, 347, 7211
List the prime factors of 469092.
2, 3, 13, 31, 97
What are the prime factors of 8914352?
2, 191, 2917
What are the prime factors of 446843?
53, 8431
List the prime factors of 796254.
2, 3, 132709
List the prime factors of 534851.
534851
What are the prime factors of 2848302?
2, 3, 229, 691
What are the prime factors of 4524477?
3, 359, 4201
What are the prime factors of 767370?
2, 3, 5, 25579
What are the prime factors of 133803?
3, 14867
List the prime factors of 204052.
2, 139, 367
List the prime factors of 17951247.
3, 23, 137, 211
What are the prime factors of 355129?
19, 18691
List the prime factors of 11101778.
2, 23, 241343
What are the prime factors of 10720257?
3, 53, 191, 353
What are the prime factors of 196121?
23, 8527
List the prime factors of 5413345.
5, 7, 154667
List the prime factors of 726935.
5, 11, 13217
What are the prime factors of 687050?
2, 5, 7, 13, 151
What are the prime factors of 22736183?
557, 40819
List the prime factors of 7760208.
2, 3, 19, 67, 127
List the prime factors of 874505.
5, 174901
List the prime factors of 223308.
2, 3, 6203
List the prime factors of 4088421.
3, 151423
List the prime factors of 1950934.
2, 263, 3709
List the prime factors of 2501242.
2, 97, 12893
List the prime factors of 580599.
3, 31, 2081
List the prime factors of 205085.
5, 41017
What are the prime factors of 4773712?
2, 19, 41, 383
What are the prime factors of 226293?
3, 75431
What are the prime factors of 557115?
3, 5, 13, 2857
List the prime factors of 157047.
3, 11, 4759
List the prime factors of 3649150.
2, 5, 59, 1237
What are the prime factors of 6405330?
2, 3, 5, 89, 2399
What are the prime factors of 335543?
13, 53, 487
List the prime factors of 255640.
2, 5, 7, 11, 83
List the prime factors of 136753.
136753
List the prime factors of 307131.
3, 11, 41, 227
List the prime factors of 713507.
17, 19, 47
What are the prime factors of 548639?
7, 13, 6029
What are the prime factors of 200768?
2, 3137
What are the prime factors of 13200825?
3, 5, 11, 16001
List the prime factors of 265584.
2, 3, 11, 503
List the prime factors of 4648274.
2, 19, 122323
What are the prime factors of 8649124?
2, 11, 17, 31, 373
What are the prime factors of 7980078?
2, 3, 601, 2213
What are the prime factors of 180593?
7, 25799
List the prime factors of 130353.
3, 43451
What are the prime factors of 20957870?
2, 5, 193, 10859
List the prime factors of 3688388.
2, 11, 17, 4931
List the prime factors of 1355387.
11, 123217
List the prime factors of 722615.
5, 43, 3361
List the prime factors of 629016.
2, 3, 26209
List the prime factors of 1003899.
3, 13, 25741
List the prime factors of 20274258.
2, 3, 3379043
List the prime factors of 2066605.
5, 17, 41, 593
List the prime factors of 898175.
5, 37, 971
What are the prime factors of 240217?
19, 47, 269
What are the prime factors of 329752?
2, 47, 877
What are the prime factors of 5463992?
2, 197, 3467
What are the prime factors of 5021758?
2, 7, 358697
What are the prime factors of 187956?
2, 3, 23, 227
What are the prime factors of 23272763?
1031, 22573
What are the prime factors of 368103?
3, 122701
List the prime factors of 5946401.
5946401
List the prime factors of 8397128.
2, 41, 25601
What are the prime factors of 89394?
2, 3, 47, 317
What are the prime factors of 1504134?
2, 3, 83563
What are the prime factors of 395959?
395959
List the prime factors of 1196731.
1196731
What are the prime factors of 1789214?
2, 7, 227, 563
List the prime factors of 24536373.
3, 79, 103529
What are the prime factors of 950019?
3, 7, 19, 2381
What are the prime factors of 1977926?
2, 988963
List the prime factors of 8577278.
2, 1499, 2861
What are the prime factors of 2126471?
421, 5051
List the prime factors of 19216814.
2, 9608407
What are the prime factors of 28306292?
2, 7, 17, 59467
List the prime factors of 3206607.
3, 419, 2551
What are the prime factors of 316235?
5, 63247
What are the prime factors of 6919940?
2, 5, 345997
List the prime factors of 147836.
2, 13, 2843
List the prime factors of 76000.
2, 5, 19
List the prime factors of 773060.
2, 5, 38653
What are the prime factors of 7726093?
29, 266417
What are the prime factors of 29520097?
773, 38189
List the prime factors of 80913.
3, 7, 3853
List the prime factors of 875571.
3, 291857
What are the prime factors of 527681?
7, 11, 89
What are the prime factors of 11074883?
1249, 8867
What are the prime factors of 1780881?
3, 593627
What are the prime factors of 20845?
5, 11, 379
What are the prime factors of 22696889?
22696889
What are the prime factors of 249077?
233, 1069
What are the prime factors of 14406223?
13, 1108171
List the prime factors of 16807079.
1637, 10267
What are the prime factors of 410395?
5, 211, 389
What are the prime factors of 11593614?
2, 3, 233, 8293
List the prime factors of 248956.
2, 109, 571
What are the prime factors of 468627?
3, 31, 5039
List the prime factors of 3972412.
2, 993103
List the prime factors of 685335.
3, 5, 7, 61, 107
List the prime factors of 2457037.
11, 223367
List the prime factors of 4932188.
2, 1233047
List the prime factors of 327879.
3, 17, 2143
What are the prime factors of 795544?
2, 277, 359
List the prime factors of 6388124.
2, 17, 37, 2539
What are the prime factors of 2588897?
2588897
List the prime factors of 4127041.
839, 4919
What are the prime factors of 355279?
29, 12251
What are the prime factors of 85129?
11, 71, 109
List the prime factors of 5031155.
5, 1006231
What are the prime factors of 726915?
3, 5, 7, 23, 43
List the prime factors of 5752.
2, 719
List the prime factors of 5635046.
2, 23, 122501
What are the prime factors of 27814193?
11, 17, 59, 2521
List the prime factors of 224535.
3, 5, 14969
List the prime factors of 29096216.
2, 263, 13829
List the prime factors of 1851069.
3, 11, 56093
What are the prime factors of 10283105?
5, 7, 293803
List the prime factors of 37660728.
2, 3, 7, 224171
List the prime factors of 4161080.
2, 5, 7, 11, 193
List the prime factors of 1742440.
2, 5, 7, 127
List the prime factors of 421046.
2, 210523
What are the prime factors of 236655?
3, 5, 1753
List the prime factors of 82218.
2, 3, 71, 193
List the prime factors of 684102.
2, 3, 113, 1009
What are the prime factors of 57884?
2, 29, 499
List the prime factors of 750876.
2, 3, 7, 1277
List the prime factors of 702060.
2, 3, 5, 11701
List the prime factors of 6650641.
47, 71, 1993
List the prime factors of 1837160.
2, 5, 13, 3533
List the prime factors of 13075792.
2, 817237
What are the prime factors of 131097?
3, 89, 491
What are the prime factors of 127961?
41, 3121
What are the prime factors of 426572?
2, 47, 2269
List the prime factors of 6472737.
3, 239731
What are the prime factors of 7018988?
2, 643, 2729
List the prime factors of 1809296.
2, 113081
What are the prime factors of 4516175?
5, 180647
List the prime factors of 167154.
2, 3, 13, 2143
What are the prime factors of 238279?
19, 12541
What are the prime factors of 115543?
227, 509
